actors of 13418?
2, 6709
What are the prime factors of 937?
937
What are the prime factors of 22056?
2, 3, 919
What are the prime factors of 2221?
2221
List the prime factors of 1356.
2, 3, 113
What are the prime factors of 8825?
5, 353
What are the prime factors of 10610?
2, 5, 1061
List the prime factors of 13188.
2, 3, 7, 157
List the prime factors of 64572.
2, 3, 5381
List the prime factors of 1046.
2, 523
What are the prime factors of 4156?
2, 1039
List the prime factors of 53829.
3, 5981
What are the prime factors of 3896?
2, 487
What are the prime factors of 9218?
2, 11, 419
List the prime factors of 8328.
2, 3, 347
List the prime factors of 5671.
53, 107
What are the prime factors of 4059?
3, 11, 41
List the prime factors of 5096.
2, 7, 13
What are the prime factors of 1772?
2, 443
What are the prime factors of 621?
3, 23
List the prime factors of 5947.
19, 313
What are the prime factors of 104856?
2, 3, 17, 257
What are the prime factors of 105929?
105929
List the prime factors of 15537.
3, 5179
List the prime factors of 73897.
73897
List the prime factors of 4115.
5, 823
List the prime factors of 5399.
5399
What are the prime factors of 7700?
2, 5, 7, 11
What are the prime factors of 10754?
2, 19, 283
List the prime factors of 150813.
3, 13, 1289
What are the prime factors of 32929?
13, 17, 149
List the prime factors of 18956.
2, 7, 677
List the prime factors of 7353.
3, 19, 43
List the prime factors of 61845.
3, 5, 7, 19, 31
List the prime factors of 6725.
5, 269
List the prime factors of 8598.
2, 3, 1433
What are the prime factors of 3525?
3, 5, 47
What are the prime factors of 923?
13, 71
What are the prime factors of 12680?
2, 5, 317
What are the prime factors of 194?
2, 97
List the prime factors of 3237.
3, 13, 83
What are the prime factors of 5155?
5, 1031
What are the prime factors of 23050?
2, 5, 461
What are the prime factors of 15616?
2, 61
What are the prime factors of 116766?
2, 3, 13, 499
What are the prime factors of 1972?
2, 17, 29
What are the prime factors of 818?
2, 409
List the prime factors of 2479.
37, 67
What are the prime factors of 15011?
17, 883
What are the prime factors of 41702?
2, 29, 719
List the prime factors of 1541.
23, 67
What are the prime factors of 1474?
2, 11, 67
What are the prime factors of 17342?
2, 13, 23, 29
List the prime factors of 2212.
2, 7, 79
List the prime factors of 13085.
5, 2617
What are the prime factors of 5017?
29, 173
What are the prime factors of 8247?
3, 2749
List the prime factors of 68592.
2, 3, 1429
What are the prime factors of 440?
2, 5, 11
What are the prime factors of 1182?
2, 3, 197
What are the prime factors of 420?
2, 3, 5, 7
What are the prime factors of 12577?
12577
What are the prime factors of 2480?
2, 5, 31
List the prime factors of 519.
3, 173
What are the prime factors of 52600?
2, 5, 263
What are the prime factors of 5494?
2, 41, 67
What are the prime factors of 2219?
7, 317
List the prime factors of 3757.
13, 17
List the prime factors of 29500.
2, 5, 59
List the prime factors of 3641.
11, 331
List the prime factors of 24.
2, 3
List the prime factors of 56.
2, 7
List the prime factors of 141758.
2, 70879
List the prime factors of 21559.
21559
What are the prime factors of 10929?
3, 3643
List the prime factors of 1289.
1289
What are the prime factors of 36075?
3, 5, 13, 37
What are the prime factors of 26345?
5, 11, 479
What are the prime factors of 790?
2, 5, 79
List the prime factors of 22596.
2, 3, 7, 269
List the prime factors of 8180.
2, 5, 409
List the prime factors of 7679.
7, 1097
What are the prime factors of 563?
563
List the prime factors of 172199.
172199
List the prime factors of 126229.
126229
What are the prime factors of 16069?
16069
List the prime factors of 27252.
2, 3, 757
List the prime factors of 200.
2, 5
What are the prime factors of 58093?
7, 43, 193
List the prime factors of 4831.
4831
What are the prime factors of 5573?
5573
List the prime factors of 174462.
2, 3, 29077
What are the prime factors of 866?
2, 433
List the prime factors of 32868.
2, 3, 11, 83
What are the prime factors of 988?
2, 13, 19
What are the prime factors of 135585?
3, 5, 23, 131
What are the prime factors of 16098?
2, 3, 2683
List the prime factors of 1312.
2, 41
List the prime factors of 367.
367
What are the prime factors of 1275?
3, 5, 17
What are the prime factors of 7548?
2, 3, 17, 37
What are the prime factors of 376?
2, 47
What are the prime factors of 20295?
3, 5, 11, 41
What are the prime factors of 8460?
2, 3, 5, 47
List the prime factors of 12501.
3, 463
List the prime factors of 537.
3, 179
List the prime factors of 60920.
2, 5, 1523
List the prime factors of 33171.
3, 11057
List the prime factors of 3741.
3, 29, 43
What are the prime factors of 13442?
2, 11, 13, 47
List the prime factors of 999.
3, 37
List the prime factors of 5904.
2, 3, 41
List the prime factors of 1397.
11, 127
List the prime factors of 235.
5, 47
What are the prime factors of 15111?
3, 23, 73
List the prime factors of 2343.
3, 11, 71
List the prime factors of 775.
5, 31
List the prime factors of 8380.
2, 5, 419
List the prime factors of 2019.
3, 673
What are the prime factors of 1890?
2, 3, 5, 7
What are the prime factors of 29546?
2, 11, 17, 79
List the prime factors of 42602.
2, 7, 17, 179
List the prime factors of 27319.
17, 1607
What are the prime factors of 810?
2, 3, 5
List the prime factors of 4932.
2, 3, 137
What are the prime factors of 5353?
53, 101
List the prime factors of 1782.
2, 3, 11
What are the prime factors of 13049?
13049
What are the prime factors of 1046?
2, 523
List the prime factors of 41646.
2, 3, 11, 631
List the prime factors of 3052.
2, 7, 109
List the prime factors of 5127.
3, 1709
What are the prime factors of 13032?
2, 3, 181
List the prime factors of 2278.
2, 17, 67
List the prime factors of 19150.
2, 5, 383
List the prime factors of 4841.
47, 103
What are the prime factors of 45550?
2, 5, 911
List the prime factors of 8766.
2, 3, 487
List the prime factors of 104453.
67, 1559
What are the prime factors of 15785?
5, 7, 11, 41
What are the prime factors of 1167?
3, 389
What are the prime factors of 2983?
19, 157
List the prime factors of 42.
2, 3, 7
What are the prime factors of 93626?
2, 13, 277
List the prime factors of 58405.
5, 11681
What are the prime factors of 2479?
37, 67
What are the prime factors of 194329?
29, 6701
What are the prime factors of 4631?
11, 421
What are the prime factors of 4468?
2, 1117
List the prime factors of 1277.
1277
List the prime factors of 1247.
29, 43
List the prime factors of 17592.
2, 3, 733
What are the prime factors of 40390?
2, 5, 7, 577
List the prime factors of 4461.
3, 1487
What are the prime factors of 3778?
2, 1889
What are the prime factors of 41088?
2, 3, 107
List the prime factors of 2421.
3, 269
What are the prime factors of 343?
7
List the prime factors of 14229.
3, 17, 31
List the prime factors of 2481.
3, 827
List the prime factors of 1477.
7, 211
List the prime factors of 1538.
2, 769
What are the prime factors of 15549?
3, 71, 73
List the prime factors of 1105.
5, 13, 17
What are the prime factors of 25946?
2, 12973
List the prime factors of 9877.
7, 17, 83
What are the prime factors of 58802?
2, 29401
What are the prime factors of 1041?
3, 347
List the prime factors of 13671.
3, 7, 31
What are the prime factors of 14664?
2, 3, 13, 47
What are the prime factors of 334?
2, 167
What are the prime factors of 22036?
2, 7, 787
List the prime factors of 1827.
3, 7, 29
What are the prime factors of 161164?
2, 43, 937
List the prime factors of 140.
2, 5, 7
What are the prime factors of 52394?
2, 17, 23, 67
List the prime factors of 10999.
17, 647
List the prime factors of 22879.
137, 167
What are the prime factors of 977?
977
List the prime factors of 38639.
38639
What are the prime factors of 67714?
2, 33857
What are the prime factors of 319?
11, 29
List the prime factors of 26805.
3, 5, 1787
What are the prime factors of 1735?
5, 347
What are the prime factors of 40172?
2, 11, 83
What are the prime factors of 1311?
3, 19, 23
What are the prime factors of 1765?
5, 353
What are the prime factors of 772?
2, 193
List the prime factors of 21362.
2, 11, 971
List the prime factors of 16703.
16703
What